ded by 14.
11
Suppose q - 42 = 4*q. Let a = -1 - q. Calculate the remainder when 51 is divided by a.
12
Suppose 2*h = 3*w + 27, -1 - 1 = 3*h + 4*w. Let v(m) = 19*m + 1. Let p be v(1). Suppose -h - p = -j. What is the remainder when j is divided by 14?
12
Suppose -3*m + 5*a + 77 = -2, 2*m - 52 = 4*a. Let d = -6 - -4. Calculate the remainder when m is divided by -1*(d - 26/2).
13
Let h be (-4)/6*102/(-4). Let q = h - 10. Let u(t) = -2*t + 1. What is the remainder when q is divided by u(-1)?
1
Suppose 63 + 73 = -2*q + j, -j - 128 = 2*q. Calculate the remainder when 0 + 2 + q/(-2) is divided by 12.
11
Let q = -27 - -38. Calculate the remainder when 43 is divided by q.
10
Let d(w) be the first derivative of w**4/2 - 5*w**3/3 + w**2 + 2*w + 5. Calculate the remainder when 31 is divided by d(3).
14
Let a(k) = 4*k + 9. Let v be a(-5). Let c(s) = s**2 + 9*s - 16. Calculate the remainder when 15 is divided by c(v).
3
Let j = 84 - 43. Calculate the remainder when j is divided by 11.
8
Suppose -5*k + 59 = 4*x, -3*x + 0*x + 45 = 3*k. Let d = 167 - -63. Suppose 3*u = -2*u + d. What is the remainder when u is divided by x?
14
Let g = 38 - 19. Calculate the remainder when g is divided by 11.
8
Let b(k) = 8*k**2 + 2*k + 1. What is the remainder when 84 is divided by b(-2)?
26
Let x = -13 - -8. Let p be (-50)/x + (-2 - -1). Suppose -1 = -5*c + p. Calculate the remainder when 4 is divided by c.
0
Let u be 0/1*(-3)/6. Let p = u + 1. What is the remainder when 2 is divided by p?
0
Suppose 105 = -3*g + 8*g. What is the remainder when 41 is divided by g?
20
Let u(j) = -8*j. Calculate the remainder when u(-7) is divided by 19.
18
Suppose 0 = -6*a + 42 - 6. What is the remainder when 16 is divided by a?
4
Let q = -104 + 155. What is the remainder when q is divided by 13?
12
Let x = 6 - 4. Calculate the remainder when 4/(-12)*(-12)/1 is divided by x.
0
Let j = 7 + 17. What is the remainder when 46 is divided by j?
22
Suppose 2*h - 10 = 18. Suppose -t - 4 = -h. Let f(n) = 4*n - 5. Calculate the remainder when f(6) is divided by t.
9
Suppose -4*t = -2*t. Suppose -2*x + 1 + 35 = t. Calculate the remainder when x is divided by 7.
4
Suppose -7*s + 272 - 83 = 0. What is the remainder when s is divided by 2?
1
Suppose -52 = -2*b - 2*b. Let g be (-3)/(2 + (-27)/b). Suppose -j + g - 15 = 0. Calculate the remainder when j is divided by 13.
11
Let c = 8 + 96. What is the remainder when c is divided by 53?
51
Let q(f) = -f. Let n(s) = -6*s + 1. Let h(k) = -3*n(k) + 15*q(k). Let x be h(2). What is the remainder when 4 is divided by ((-2)/x)/((-4)/18)?
1
Let o = 6 - 6. Let n(r) = -3 + 3*r - 1 + o*r. Calculate the remainder when n(8) is divided by 7.
6
Suppose -5*k + 3*f + 86 = -97, 5*k - 187 = 2*f. Calculate the remainder when k is divided by 10.
9
Suppose 5*h - 142 = 198. What is the remainder when h is divided by 14?
12
Let j(q) = q**3 + 3*q**2 - 2*q + 7. Calculate the remainder when 63 is divided by j(-3).
11
Let p = 66 - 98. Let l = 46 + p. What is the remainder when 39 is divided by l?
11
Let o = 61 + -15. Calculate the remainder when o is divided by 18.
10
Let z(t) = 10*t - 26. Calculate the remainder when z(15) is divided by 18.
16
Let t be (2 + -1)*(0 + 23). Suppose a - t = 2*j, 4*j = -0*a + 4*a - 80. Calculate the remainder when 66 is divided by a.
15
Let s = -4 + 12. Calculate the remainder when s is divided by 2.
0
Let a = -44 + 55. Calculate the remainder when 41 is divided by a.
8
Suppose 11 = -3*u - 16. Let c be 6/u + 115/(-3). Let n = -25 - c. Calculate the remainder when 40 is divided by n.
12
Let q(s) be the third derivative of s**4/3 - 2*s**3/3 - 2*s**2. Let z be 10/3 - 1/3. Calculate the remainder when q(z) is divided by 7.
6
Suppose -2*k = 3*i - 39, 2*k - 65 = -3*k - i. Calculate the remainder when 33 is divided by k.
9
Let h = -15 + 50. What is the remainder when h is divided by 12?
11
Suppose 4*l = -16, 4*v + l = -12 + 28. Suppose -i = -2*z + 1, v = 5*i - z + 1. Calculate the remainder when 23 is divided by (11 + 1)/(i - 0).
11
Let g = 52 + -35. What is the remainder when g is divided by 7?
3
Let z(n) = 8*n**2 - 4*n + 2. Suppose 5*f = 2*v + 15 + 1, -15 = 5*v. Calculate the remainder when z(f) is divided by (-5 - 145/(-25))/(4/70).
12
Suppose 4*h + 7 = -1. Let o(p) = 12*p**2 - 26*p - 48. What is the remainder when o(-2) is divided by -4*(-9)/h*-1?
16
Suppose -3*i = -i. Suppose -2*g + 3*y + 230 - 85 = i, 0 = -2*y + 6. What is the remainder when g is divided by 20?
17
Suppose -3*x - 34 = -5*a + 33, -2*a + 10 = 3*x. What is the remainder when 27 is divided by a?
5
Let o = 157 - 101. Calculate the remainder when o is divided by 29.
27
Let v(l) = -l**3 - 9*l**2 + 9*l - 6. Suppose 0 = -3*x - x - 36. Let b be v(x). What is the remainder when 29 is divided by b/(-9) - 1/(-3)?
9
Suppose 2*f + 5 = 17. Calculate the remainder when 16 is divided by f.
4
Let s = -10 - -17. Let r = s + 5. What is the remainder when 22 is divided by r?
10
Suppose h + h = 90. What is the remainder when h is divided by 16?
13
Let v = -2 - -16. What is the remainder when v is divided by 5?
4
Let o(k) = k**3 + 5*k**2 + 4*k + 3. Let i(y) = -2*y**2 - 9*y - 6. Let x be i(-4). Calculate the remainder when 25 is divided by o(x).
4
Let a(t) = -t**3 - 6*t**2 + t - 10. Let d be (2/(-2))/((-3)/15). Suppose 0 = -2*o + 17 + d. What is the remainder when a(-7) is divided by o?
10
Let r be ((-4)/5)/(1/15). Let u = r - -20. Calculate the remainder when 13 is divided by u.
5
Let t = -12 - -31. What is the remainder when t is divided by 3?
1
Let b(t) = -t**3 + 3*t**2 + 6*t - 6. Let l = -79 + 114. Suppose 5*a + 5*o = l, -3*a + 4*a - 2*o + 8 = 0. Calculate the remainder when b(4) is divided by a.
0
Let s(n) be the second derivative of -11*n**5/20 - n. Let h(z) = -z**3 - 2*z**2. Let d be h(-1). Calculate the remainder when 20 is divided by s(d).
9
Suppose -30 = 20*s - 25*s. What is the remainder when 6 is divided by s?
0
Let l = 77 - 9. Suppose -2*s + l = 2*s. What is the remainder when s is divided by (-4)/(-6)*(-15)/(-2)?
2
Suppose 0 = 4*l + 8, 0*l = -3*v + 4*l + 329. What is the remainder when v is divided by 22?
19
Let g(z) = -5*z - 1. Let k be g(-1). Suppose 2*y + j = 37 + 17, 0 = -k*y + j + 114. What is the remainder when 81 is divided by y?
25
Let q be (-103)/(-4) + 2/8. Suppose 3*j - q = j. Suppose -3*p - 5 = -y - p, -3*p = 3*y - 24. Calculate the remainder when j is divided by y.
6
Let b = 4 + -1. Suppose 5*k = b*o + 2 - 0, k + 1 = 2*o. What is the remainder when (-2 + o)*1 + 17 is divided by 6?
4
Let s = -37 - -26. Let r = 17 + s. Calculate the remainder when r is divided by 4.
2
Calculate the remainder when (-1)/(((-26)/(-168))/(-13)) is divided by 22.
18
Let g(w) = -w**3 + 33*w**2 + 78*w - 79. What is the remainder when g(35) is divided by 68?
65
Suppose -6*m - 5*g = -m - 70, -g = -m + 4. Calculate the remainder when m is divided by 5.
4
Let o be (-3)/(-6) - 82/4. Let y = o - -51. Calculate the remainder when y is divided by (-1)/((-2)/16) - 0.
7
Let g = 2 + 1. Let r = 63 + g. Let n = r + -41. What is the remainder when n is divided by 13?
12
Let j be 0/(-1)*4/8. Let t = 8 - j. Calculate the remainder when 22 is divided by t.
6
Let s be 4/(-6) + 66/18. Suppose 0 = 8*v - s*v - 135. What is the remainder when 105 is divided by v?
24
Suppose -3*y = -60 + 9. What is the remainder when 82 is divided by y?
14
Let w = 54 + -38. Suppose 0 = -4*f + 2*f + w. Let b(o) = 21*o**3 + o**2. Calculate the remainder when b(1) is divided by f.
6
Suppose -4*i - 2*x = -70, -i = i - 2*x - 50. What is the remainder when 97 is divided by i?
17
Let o(n) = -43*n - 31. Calculate the remainder when o(-6) is divided by 10.
7
Suppose 0 = -d + 5*d - 12. Suppose 0 = 3*o + 12, -d*p + 4*o - 10 = -50. Let x = 7 + 7. What is the remainder when x is divided by p?
6
Suppose 98 = -4*z + 5*z. Suppose 2*s + 0*s - z = 0. Suppose -4*y = -13 - 55. Calculate the remainder when s is divided by y.
15
Let q = -22 + 36. Let z = -3 + 11. What is the remainder when q is divided by z?
6
Suppose -2*j = -3*o + 23, 0*o - 24 = -4*o + 4*j. Let t be (24/15)/((-1)/(-20)). What is the remainder when 2/4*t*2 is divided by o?
10
Suppose 5*p - 4*p = 1. Calculate the remainder when 4 is divided by p.
0
Suppose 8 = -t + 21. Calculate the remainder when 50 is divi